 when 11 is divided by y?
4
Let p = 168 - 103. Let m = p + 11. Calculate the remainder when m is divided by 20.
16
Let c = -8 - -15. Let z = -57 - -68. Calculate the remainder when z is divided by c.
4
Suppose a - 45 = 32. Suppose -a - 48 = -5*d. What is the remainder when d is divided by 13?
12
What is the remainder when 109 is divided by (-6)/(-54) + 1004/36?
25
Let l = -97 + 98. Let d(u) be the second derivative of -u**3/6 - u**2/2 + u. What is the remainder when d(-3) is divided by l?
0
Suppose -251 + 63 = -2*t. Calculate the remainder when t is divided by 32.
30
Let f be (2 - (-10)/(-2)) + 13. Let r = 14 - f. Let g = 13 - 6. Calculate the remainder when g is divided by r.
3
Let j = -2 - -6. What is the remainder when (2 + -4)*11/(-2) is divided by j?
3
Let v(c) = -2*c**2 + 6*c - 5. Let u be v(4). Let o = 21 + u. What is the remainder when o is divided by 5?
3
Suppose -t + 0*t + 14 = 0. Suppose 0 = 4*a + 2 - t. Suppose -2*i - 25 = -3*f + 6, 0 = 4*f - 2*i - 38. What is the remainder when f is divided by a?
1
Suppose 18 + 2 = -5*q. Let c be (-2)/4 + 2/q. What is the remainder when 50 is divided by 14 + (c - 0)*1?
11
Let p be 1*4 - 90/6. Let l = 18 + p. What is the remainder when 12 is divided by l?
5
Suppose 0*s = h - 5*s - 74, 0 = s + 5. Suppose -2*i - 52 = -6*i. Calculate the remainder when h is divided by i.
10
Let u(y) = y**3 - 8*y**2 + 13*y - 7. Calculate the remainder when u(7) is divided by 9.
8
Let t = 198 + -140. Calculate the remainder when t is divided by 15.
13
Let g = -7 + 20. What is the remainder when 25 is divided by g?
12
Let p(n) = -n**3 - n**2 - 4*n + 1. Let r(h) = h**3 + 3*h - 1. Let i(d) = -2*p(d) - 3*r(d). What is the remainder when 3 is divided by i(1)?
0
Calculate the remainder when 31 is divided by (-206)/(-12) + 4/(-24).
14
Let q be (-2)/3*(-60)/8. Suppose -q*h - 7 = -37. What is the remainder when 17 is divided by h?
5
Let k = -9 + 16. Let m(r) = -r**3 + 6*r**2 + 6*r + 9. Let a be m(k). What is the remainder when 21 is divided by (-2)/(((-4)/11)/a)?
10
Let g(o) = o**2 - 11*o + 88. Calculate the remainder when g(0) is divided by 9.
7
Let p = -33 - -44. Calculate the remainder when 21 is divided by p.
10
Suppose 0*m + m = 4. Suppose -2 = -w, 3*n = 3*w - m*w + 20. Calculate the remainder when (-17 + n)*(-1 - 0) is divided by 6.
5
Let d(x) = 66*x - 187. Suppose w + 60 = 4*w. What is the remainder when w is divided by d(3)?
9
Suppose 0 = -3*h - x + 9, 3*h - 3*x = -6*x + 15. Let f(c) = 8*c - 2. Calculate the remainder when 54 is divided by f(h).
12
Suppose 3*d + 4*j - 62 = 0, 3*j + 27 = d + 2*d. What is the remainder when 27 is divided by d?
13
Suppose 246 = 3*g + 3*j, 87 = -4*g + 5*j + 460. What is the remainder when g is divided by 22?
21
Suppose -20*w + 20 = -16*w. Calculate the remainder when 8 is divided by w.
3
Let r(a) = -a**3 - 8*a**2 - 5*a + 6. Let x be r(-5). Let m = -28 - x. What is the remainder when 46 is divided by m?
14
Let y = -20 + 26. Calculate the remainder when 23 is divided by y.
5
Suppose -100*h + 105*h - 70 = 0. Calculate the remainder when h is divided by ((-3)/2)/(9/(-48)).
6
Let i(d) = -d**2 - 5*d + 1. Let n be i(-9). Let b = -13 - n. Calculate the remainder when b is divided by 6.
4
Let r be 4 - (7 + 2)/3. Let z(p) = 17*p**2 - 2*p + 1. What is the remainder when 46 is divided by z(r)?
14
Suppose -3*r + 18 = 2*y + y, -4*r = -3*y - 31. What is the remainder when 25 is divided by r?
4
Suppose 0 = -4*n - 2 - 46. What is the remainder when (66/n)/((-2)/16) is divided by 9?
8
Calculate the remainder when 1 + 37 + 3 + 4 is divided by 12.
9
Let m(r) = r**2 - 10*r. Let c be m(10). Suppose 2*d + c = 20. Calculate the remainder when d is divided by 6 + 3/(-6)*0.
4
Suppose i = 6*i - 50. Calculate the remainder when 19 is divided by i.
9
Suppose -q + 2*q - 13 = 5*u, -2*u - 19 = -5*q. What is the remainder when u/3*660/(-8) is divided by 19?
17
Suppose -4*h + 267 = -113. What is the remainder when h is divided by 24?
23
Let y be 15*(-1)/9*-3. Suppose 2*u = -3*f - f - 4, -y*f - 19 = -u. Let r = u + 9. What is the remainder when 37 is divided by r?
11
Let m be (-20)/6*18/(-12). Let q = m + 2. Suppose -r + 25 = g - 3*r, 4*r = 0. Calculate the remainder when g is divided by q.
4
Let x = -10 + 8. Calculate the remainder when 54 is divided by ((-84)/6)/(x - -1).
12
Let d = 327 - 220. Let r = -58 + d. What is the remainder when r is divided by 25?
24
Let o be 4/(-10) - 484/(-10). What is the remainder when 6 is divided by 2/12 - (-184)/o?
2
Suppose -r + 13 = 5*s, -3*s = 4*r - 2*s - 90. Calculate the remainder when r is divided by 16.
7
Let g(p) = -p**3 - 4*p**2 + 11*p - 3. Let y(c) = c - 1. Let z(a) = -g(a) + 4*y(a). What is the remainder when 25 is divided by z(-5)?
7
Suppose -3*c + 8 = -7*c. Calculate the remainder when 7 is divided by 60/(-10)*c/6.
1
Let g(q) = 15*q**3 + 3*q**2 - 3*q + 1. Let c(n) = -16*n**2 - n + 2. Let p be c(2). What is the remainder when (p/(-2) - 1)*1 is divided by g(1)?
15
Suppose 0*s - 26 = -2*s + 5*r, 5*s - 31 = 4*r. Suppose 5*m = -0*m + 15. Suppose m*j = 3*z - 183, 4*j + s = 7. Calculate the remainder when z is divided by 21.
20
Suppose -2 + 12 = -5*m. Let x = 9 + m. Let d = -28 + 48. Calculate the remainder when d is divided by x.
6
Suppose -3*v + 5*a = a + 13, 0 = 4*a - 16. Suppose -d - 4*d + 30 = 0. Suppose -10 = l - d*l. What is the remainder when l is divided by v?
0
Calculate the remainder when (41 - -1)/(18/9) is divided by 6.
3
Suppose 3*q + 20 = 5*q. Suppose 4*x + 18 + q = 0. Let n = x + 10. Calculate the remainder when 9 is divided by n.
0
Suppose -4*b = 4 + 16, -4*z + 95 = -3*b. Calculate the remainder when 76 is divided by z.
16
What is the remainder when 23 is divided by -4*(-2 - (1 - 1))?
7
Let o(p) = -16*p. Let s be o(-7). Suppose -4*j + 28 = k - 0, j - s = -4*k. Calculate the remainder when k is divided by 15.
13
Let z(m) = 7*m + 8. Calculate the remainder when 65 is divided by z(2).
21
Let q(y) = 4*y + 20. What is the remainder when q(5) is divided by 21?
19
Let t = -32 + 39. Calculate the remainder when 19 is divided by t.
5
Let x = -61 - -21. Let m(t) = -12*t - 1. Calculate the remainder when (-154)/(-5) - 8/x is divided by m(-1).
9
Suppose 6*l - 2*l - 68 = 0. What is the remainder when 65 is divided by l?
14
Suppose 0 = 5*u - 10 - 15. Let m = 142 - 72. Suppose -3*w + m = 2*w. What is the remainder when w is divided by u?
4
Calculate the remainder when (-3180)/(-66) - 2/11 is divided by 17.
14
Let p = 34 + -22. Suppose p = 2*x - 3*x. Let r = x - -39. What is the remainder when r is divided by 14?
13
Suppose -2*p = 3*p - 70. Suppose -12*m + p*m = 40. What is the remainder when m is divided by 11?
9
Let w be (11 - 3)*(-33)/(-6). Suppose -6*q + 5*q + r = -9, -w = -4*q - 4*r. Calculate the remainder when 17 is divided by q.
7
Let r be ((-2)/(-6))/(3/603). Suppose 98 + r = 3*h. Suppose 3*a + 2*s - 51 = 0, -3*a + 3*s - 6 = -72. What is the remainder when h is divided by a?
17
Let c(j) = -j**3 + 7*j**2 - j - 3. Let k be c(7). Let h = k - -25. Let a = 18 + 26. Calculate the remainder when a is divided by h.
14
Suppose -d + 56 = 4*i - 3*d, 3*d = -5*i + 48. Suppose 51 = 5*z - 44. Suppose 4*t - 16 = 0, -2*o + 11 = 4*t - z. What is the remainder when i is divided by o?
5
Let n be 8/(-6)*(-7 + 4). Let a = n - -5. Let f(c) = -9*c - 2. Calculate the remainder when f(-3) is divided by a.
7
Let v be (192/80)/((-1)/(-5)). Suppose 3*o - v = o. Calculate the remainder when 22 is divided by o.
4
Suppose -20 = -4*l + 2*n - 6, 5*l - 17 = 3*n. What is the remainder when 29 is divided by l?
1
Suppose 0*l - 37 = -l - 2*a, 0 = 4*l - 4*a - 160. What is the remainder when l is divided by 8?
7
Suppose 3*q + 0*k - 5*k + 10 = 0, 0 = 3*q - 3*k. Suppose -q*h + 6 = -4*h. Suppose -3*x + h = 3. Calculate the remainder when x is divided by 1.
0
Let d(c) = 2*c - 4. Let y be d(3). Suppose -x + 1 + 2 = -3*q, -y*q = -2*x + 18. What is the remainder when 23 is divided by x?
11
Calculate the remainder when 24 is divided by 7/((-21)/(-12)) + 5.
6
Suppose 102 + 74 = -4*i. What is the remainder when 1 + (3/3 - i) is divided by 16?
14
Let i(u) = -u - 5. Let h be i(0). Let v = 3 + 11. Let y = h + v. Calculate the remainder when y is divided by 5.
4
Let s(o) = -4*o - 4. Calculate the remainder when 29 is divided